{"id":2653,"date":"2022-09-23T21:06:24","date_gmt":"2022-09-23T21:06:24","guid":{"rendered":"https:\/\/acero304.com\/eshop\/?post_type=product&#038;p=2653"},"modified":"2026-04-03T15:29:15","modified_gmt":"2026-04-03T15:29:15","slug":"llenadora-de-botellas-carbonatadas-10c","status":"publish","type":"product","link":"https:\/\/acero304.com\/eshop\/producto\/llenadora-de-botellas-carbonatadas-10c\/","title":{"rendered":"Llenadora y Tapadora de Botellas Carbonatadas 10C"},"content":{"rendered":"<p><span style=\"color: #ff0000;\"><strong>M\u00e1quina de ENJUAGUE, LLENADO y TAPADO CORONA de botellas de cerveza DE VIDRIO de 10 CABEZALES<\/strong><\/span><\/p>\n<p><a href=\"https:\/\/i0.wp.com\/acero304.com\/eshop\/wp-content\/uploads\/2022\/09\/filler-and-capper-bottling-10-head-machine-body-1.png?ssl=1\"><img data-recalc-dims=\"1\" loading=\"lazy\" decoding=\"async\" class=\"size-full wp-image-2654 alignnone\" src=\"https:\/\/i0.wp.com\/acero304.com\/eshop\/wp-content\/uploads\/2022\/09\/filler-and-capper-bottling-10-head-machine-body-1.png?resize=840%2C623&#038;ssl=1\" alt=\"\" width=\"840\" height=\"623\" srcset=\"https:\/\/i0.wp.com\/acero304.com\/eshop\/wp-content\/uploads\/2022\/09\/filler-and-capper-bottling-10-head-machine-body-1.png?w=840&amp;ssl=1 840w, https:\/\/i0.wp.com\/acero304.com\/eshop\/wp-content\/uploads\/2022\/09\/filler-and-capper-bottling-10-head-machine-body-1.png?resize=300%2C223&amp;ssl=1 300w, https:\/\/i0.wp.com\/acero304.com\/eshop\/wp-content\/uploads\/2022\/09\/filler-and-capper-bottling-10-head-machine-body-1.png?resize=768%2C570&amp;ssl=1 768w, https:\/\/i0.wp.com\/acero304.com\/eshop\/wp-content\/uploads\/2022\/09\/filler-and-capper-bottling-10-head-machine-body-1.png?resize=600%2C445&amp;ssl=1 600w\" sizes=\"auto, (max-width: 840px) 100vw, 840px\" \/><\/a><\/p>\n<p><img data-recalc-dims=\"1\" decoding=\"async\" src=\"https:\/\/i0.wp.com\/hkimg.bjyyb.net\/sites\/69000\/69391\/20220917111804118.webp?ssl=1\" alt=\"Bottle filling capping machine.jpg\" \/><\/p>\n<table border=\"1\" cellspacing=\"0\" cellpadding=\"0\">\n<tbody class=\"\">\n<tr class=\"firstRow\" align=\"center\" valign=\"center\" data-rows=\"1\" data-type=\"even\">\n<td data-col=\"1\">Dimensiones<\/td>\n<td>1800*800*2200mm<\/td>\n<\/tr>\n<tr align=\"center\" valign=\"center\" data-type=\"odd\">\n<td data-col=\"1\">Peso neto<\/td>\n<td>300KG<\/td>\n<\/tr>\n<tr align=\"center\" valign=\"center\" data-type=\"even\">\n<td data-col=\"1\">Capacidad<\/td>\n<td>300-600 botellas\/hora<\/td>\n<\/tr>\n<tr align=\"center\" valign=\"center\" data-type=\"odd\">\n<td data-col=\"1\">Botellas aplicables<\/td>\n<td>330ml-2L<\/td>\n<\/tr>\n<tr align=\"center\" valign=\"center\" data-type=\"even\">\n<td data-col=\"1\">Estaciones<\/td>\n<td>4-10<\/td>\n<\/tr>\n<tr align=\"center\" valign=\"center\" data-type=\"odd\">\n<td data-col=\"1\">Fuente de alimentaci\u00f3n<\/td>\n<td>CA 220V 50HZ (personalizado)<\/td>\n<\/tr>\n<\/tbody>\n<\/table>\n<p>1, control autom\u00e1tico por PLC, todos los par\u00e1metros se pueden ajustar.<br \/>\n2, el proceso de llenado y tapado se puede terminar en esta m\u00e1quina al mismo tiempo.<br \/>\n3, con presurizaci\u00f3n de CO2 y podr\u00eda agregar vac\u00edo.<br \/>\n4, Adopte el m\u00e9todo de llenado ISOBARICO y con un sistema de mantenimiento de presi\u00f3n \u00fanico, rendimiento estable y confiable, p\u00e9rdida m\u00ednima de cerveza.<br \/>\n5, con compensador de presi\u00f3n, para garantizar un proceso de llenado estable.<\/p>\n<h3><strong>Funci\u00f3n principal y caracter\u00edstica.<\/strong><\/h3>\n<p>1, control autom\u00e1tico por PLC, todos los par\u00e1metros se pueden ajustar.<\/p>\n<p>2, el proceso de llenado y tapado se puede terminar en esta m\u00e1quina al mismo tiempo.<\/p>\n<p>3, con presurizaci\u00f3n de CO2 y podr\u00eda agregar vac\u00edo.<\/p>\n<p>4, adopte el m\u00e9todo de llenado isobar y con un sistema de mantenimiento de presi\u00f3n \u00fanico, rendimiento estable y confiable, p\u00e9rdida m\u00ednima de cerveza.<\/p>\n<p>5, con compensador de presi\u00f3n, para garantizar un proceso de llenado estable.<\/p>\n<h3><strong>Proceso de trabajo:<\/strong><\/h3>\n<p>Fijar las botellas-purga de CO2-llenado isob\u00e1rico-estabilizaci\u00f3n de presi\u00f3n-alivio de presi\u00f3n-detener-mover las botellas a las estaciones de tapado&#8211;tapado&#8211;tomar la botella<br \/>\nVac\u00edo: Fijar las botellas-purgar-aspirar-isob\u00e1rico-llenar-estabilizar la presi\u00f3n&#8211;alivio de presi\u00f3n&#8211;detener&#8211;mover las botellas a las estaciones de tapado&#8211;tapar&#8211;tomar la botella<\/p>\n<p><a href=\"https:\/\/i0.wp.com\/acero304.com\/eshop\/wp-content\/uploads\/2022\/09\/Imagen11.png?ssl=1\"><img data-recalc-dims=\"1\" loading=\"lazy\" decoding=\"async\" class=\"size-full wp-image-2659 alignleft\" src=\"https:\/\/i0.wp.com\/acero304.com\/eshop\/wp-content\/uploads\/2022\/09\/Imagen11.png?resize=566%2C516&#038;ssl=1\" alt=\"\" width=\"566\" height=\"516\" srcset=\"https:\/\/i0.wp.com\/acero304.com\/eshop\/wp-content\/uploads\/2022\/09\/Imagen11.png?w=566&amp;ssl=1 566w, https:\/\/i0.wp.com\/acero304.com\/eshop\/wp-content\/uploads\/2022\/09\/Imagen11.png?resize=300%2C273&amp;ssl=1 300w\" sizes=\"auto, (max-width: 566px) 100vw, 566px\" \/><\/a><\/p>\n","protected":false},"excerpt":{"rendered":"<p>IVA Incluido.<\/p>\n<p>TIEMPO DE ENTREGA 120 DIAS APROXIMADOS.<\/p>\n","protected":false},"featured_media":2654,"comment_status":"open","ping_status":"closed","template":"","meta":{"site-sidebar-layout":"default","site-content-layout":"default","ast-site-content-layout":"default","site-content-style":"default","site-sidebar-style":"default","ast-global-header-display":"","ast-banner-title-visibility":"","ast-main-header-display":"","ast-hfb-above-header-display":"","ast-hfb-below-header-display":"","ast-hfb-mobile-header-display":"","site-post-title":"","ast-breadcrumbs-content":"","ast-featured-img":"","footer-sml-layout":"","ast-disable-related-posts":"","theme-transparent-header-meta":"","adv-header-id-meta":"","stick-header-meta":"","header-above-stick-meta":"","header-main-stick-meta":"","header-below-stick-meta":"","astra-migrate-meta-layouts":"default","ast-page-background-enabled":"default","ast-page-background-meta":{"desktop":{"background-color":"","background-image":"","background-repeat":"repeat","background-position":"center center","background-size":"auto","background-attachment":"scroll","background-type":"","background-media":"","overlay-type":"","overlay-color":"","overlay-opacity":"","overlay-gradient":""},"tablet":{"background-color":"","background-image":"","background-repeat":"repeat","background-position":"center center","background-size":"auto","background-attachment":"scroll","background-type":"","background-media":"","overlay-type":"","overlay-color":"","overlay-opacity":"","overlay-gradient":""},"mobile":{"background-color":"","background-image":"","background-repeat":"repeat","background-position":"center center","background-size":"auto","background-attachment":"scroll","background-type":"","background-media":"","overlay-type":"","overlay-color":"","overlay-opacity":"","overlay-gradient":""}},"ast-content-background-meta":{"desktop":{"background-color":"var(--ast-global-color-5)","background-image":"","background-repeat":"repeat","background-position":"center center","background-size":"auto","background-attachment":"scroll","background-type":"","background-media":"","overlay-type":"","overlay-color":"","overlay-opacity":"","overlay-gradient":""},"tablet":{"background-color":"var(--ast-global-color-5)","background-image":"","background-repeat":"repeat","background-position":"center center","background-size":"auto","background-attachment":"scroll","background-type":"","background-media":"","overlay-type":"","overlay-color":"","overlay-opacity":"","overlay-gradient":""},"mobile":{"background-color":"var(--ast-global-color-5)","background-image":"","background-repeat":"repeat","background-position":"center center","background-size":"auto","background-attachment":"scroll","background-type":"","background-media":"","overlay-type":"","overlay-color":"","overlay-opacity":"","overlay-gradient":""}}},"product_brand":[],"product_cat":[100,42,98,111],"product_tag":[27,28,26,29,103,77,76,79,46,101,47,52,25,84,75,51,78,102],"class_list":{"0":"post-2653","1":"product","2":"type-product","3":"status-publish","4":"has-post-thumbnail","6":"product_cat-etiquetadora","7":"product_cat-industrial","8":"product_cat-llenadora","9":"product_cat-llenadoras","10":"product_tag-acero-304","11":"product_tag-acero304","12":"product_tag-brewing","13":"product_tag-cerveza-artesanal","14":"product_tag-encorchadora","15":"product_tag-enlatado","16":"product_tag-enlatadora","17":"product_tag-envasadora","18":"product_tag-equipo-cervecero","19":"product_tag-etiquetadora","20":"product_tag-fabrica-de-cerveza","21":"product_tag-fermentador","22":"product_tag-home-brewing","23":"product_tag-lavadora-de-barriles","24":"product_tag-llenadora","25":"product_tag-nano-fermentador","26":"product_tag-sistema-de-enlatado","27":"product_tag-tapadora","28":"desktop-align-center","29":"tablet-align-center","30":"mobile-align-center","32":"first","33":"onbackorder","34":"featured","35":"shipping-taxable","36":"product-type-simple"},"jetpack_sharing_enabled":true,"_links":{"self":[{"href":"https:\/\/acero304.com\/eshop\/wp-json\/wp\/v2\/product\/2653","targetHints":{"allow":["GET"]}}],"collection":[{"href":"https:\/\/acero304.com\/eshop\/wp-json\/wp\/v2\/product"}],"about":[{"href":"https:\/\/acero304.com\/eshop\/wp-json\/wp\/v2\/types\/product"}],"replies":[{"embeddable":true,"href":"https:\/\/acero304.com\/eshop\/wp-json\/wp\/v2\/comments?post=2653"}],"wp:featuredmedia":[{"embeddable":true,"href":"https:\/\/acero304.com\/eshop\/wp-json\/wp\/v2\/media\/2654"}],"wp:attachment":[{"href":"https:\/\/acero304.com\/eshop\/wp-json\/wp\/v2\/media?parent=2653"}],"wp:term":[{"taxonomy":"product_brand","embeddable":true,"href":"https:\/\/acero304.com\/eshop\/wp-json\/wp\/v2\/product_brand?post=2653"},{"taxonomy":"product_cat","embeddable":true,"href":"https:\/\/acero304.com\/eshop\/wp-json\/wp\/v2\/product_cat?post=2653"},{"taxonomy":"product_tag","embeddable":true,"href":"https:\/\/acero304.com\/eshop\/wp-json\/wp\/v2\/product_tag?post=2653"}],"curies":[{"name":"wp","href":"https:\/\/api.w.org\/{rel}","templated":true}]}}