{"id":2885,"date":"2024-09-20T13:25:26","date_gmt":"2024-09-20T13:25:26","guid":{"rendered":"https:\/\/acero304.com\/eshop\/?post_type=product&#038;p=2885"},"modified":"2026-04-01T13:39:48","modified_gmt":"2026-04-01T13:39:48","slug":"llenadora-enlatadora-semi-automatica","status":"publish","type":"product","link":"https:\/\/acero304.com\/eshop\/producto\/llenadora-enlatadora-semi-automatica\/","title":{"rendered":"Llenadora Enlatadora Semi-Autom\u00e1tica"},"content":{"rendered":"<p><span style=\"font-size: 16px; -webkit-text-size-adjust: 100%;\">\u2022 <\/span>Sistema para llenado y cerrado de latas. Sistema Importado HG.<\/p>\n<p>Esta m\u00e1quina enlatadora semiautom\u00e1tica tipo 4-1 est\u00e1 dise\u00f1ada especialmente para cervecer\u00edas\/cervecer\u00edas de capacidad media y envasadoras de gaseosas en lata. Es f\u00e1cil de operar con alta eficiencia. El flujo de trabajo incluye la purga de CO2, el llenado y luego el sellado de las tapas. Dise\u00f1o de m\u00e9todo de llenado todo en uno, funcionamiento es confiable.<\/p>\n<p><span style=\"font-size: 16px; -webkit-text-size-adjust: 100%;\">-Cabezal de llenado: 4 <\/span><\/p>\n<p><span style=\"font-size: 16px; -webkit-text-size-adjust: 100%;\">-Cabezal de tapado: 1 <\/span><\/p>\n<p><strong><span style=\"font-size: 16px; -webkit-text-size-adjust: 100%;\">-Capacidad: 200-400 latas por hora (Depende del tama\u00f1o de las latas y la velocidad de operaci\u00f3n) <\/span><\/strong><\/p>\n<p><span style=\"font-size: 16px; -webkit-text-size-adjust: 100%;\">-Tipo de llenado: Presi\u00f3n isob\u00e1rica <\/span><\/p>\n<p><span style=\"font-size: 16px; -webkit-text-size-adjust: 100%;\">-Presi\u00f3n de la cerveza: 0,15- 0.2Mpa <\/span><\/p>\n<p><span style=\"font-size: 16px; -webkit-text-size-adjust: 100%;\">-Presi\u00f3n de aire: 0.4-0.6Mpa <\/span><\/p>\n<p><span style=\"font-size: 16px; -webkit-text-size-adjust: 100%;\">-Presi\u00f3n de CO2: 0.15-0.2Mpa <\/span><\/p>\n<p><span style=\"font-size: 16px; -webkit-text-size-adjust: 100%;\">-Cuello de lata adecuado: 052-490 mm <\/span><\/p>\n<p><span style=\"font-size: 16px; -webkit-text-size-adjust: 100%;\">-Altura de lata adecuada: 105-240 mm <\/span><\/p>\n<p><span style=\"font-size: 16px; -webkit-text-size-adjust: 100%;\">-Tama\u00f1o: 1400 mm * 600 mm * 1800 mm <\/span><\/p>\n<p><span style=\"font-size: 16px; -webkit-text-size-adjust: 100%;\">-Potencia: 0.37kw -Especificaci\u00f3n de voltaje : CA 380V, 50HZ<\/span><\/p>\n<p>Esta m\u00e1quina enlatadora semiautom\u00e1tica tipo 4-1 est\u00e1 dise\u00f1ada especialmente para cervecer\u00edas\/cervecer\u00edas de capacidad media y envasadoras de gaseosas en lata. Es f\u00e1cil de operar con alta eficiencia. El flujo de trabajo incluye la purga de CO2, el llenado y luego el sellado de las tapas. Dise\u00f1o de m\u00e9todo de llenado todo en uno, funcionamiento es confiable.<\/p>\n<p>LLENADO<\/p>\n<p>El sistema de llenado consta de v\u00e1lvulas de llenado, dispositivos de control, etc. Componentes de la v\u00e1lvula de llenado, incluida la v\u00e1lvula de l\u00edquido, el ca\u00f1o posterior, v\u00e1lvulas de aire, mecanismo de elevaci\u00f3n y v\u00e1lvula de escape. Vac\u00ede las latas en el tanque a trav\u00e9s del transportador hasta la m\u00e1quina llenadora. Las cuatro latas se mueven a cuatro v\u00e1lvulas de llenado y luego se purgan de CO2 para descargar el aire. El siguiente paso es llenar la cerveza.<\/p>\n<p>&nbsp;<\/p>\n<p><a href=\"https:\/\/i0.wp.com\/acero304.com\/eshop\/wp-content\/uploads\/2024\/09\/Imagen2.png?ssl=1\"><img data-recalc-dims=\"1\" loading=\"lazy\" decoding=\"async\" class=\"alignnone size-full wp-image-2887\" src=\"https:\/\/i0.wp.com\/acero304.com\/eshop\/wp-content\/uploads\/2024\/09\/Imagen2.png?resize=251%2C181&#038;ssl=1\" alt=\"\" width=\"251\" height=\"181\" \/><\/a> <a href=\"https:\/\/i0.wp.com\/acero304.com\/eshop\/wp-content\/uploads\/2024\/09\/Imagen4.png?ssl=1\"><img data-recalc-dims=\"1\" loading=\"lazy\" decoding=\"async\" class=\"alignnone size-full wp-image-2888\" src=\"https:\/\/i0.wp.com\/acero304.com\/eshop\/wp-content\/uploads\/2024\/09\/Imagen4.png?resize=236%2C185&#038;ssl=1\" alt=\"\" width=\"236\" height=\"185\" \/><\/a><\/p>\n<p>CERRADO<\/p>\n<p>Las latas llenas se env\u00edan a la rotaci\u00f3n del cabezal de posicionamiento de la m\u00e1quina selladora, la tapa mediante el dispositivo de env\u00edo y el cabezal de presi\u00f3n se env\u00eda a la boca de las latas, cuando el soporte del cuerpo de las latas se eleva, el cabezal de presi\u00f3n presiona la boca de las latas, se sella previamente y luego se sella de manera total.<\/p>\n<p><a href=\"https:\/\/i0.wp.com\/acero304.com\/eshop\/wp-content\/uploads\/2024\/09\/Imagen6.png?ssl=1\"><img data-recalc-dims=\"1\" loading=\"lazy\" decoding=\"async\" class=\"alignnone size-full wp-image-2890\" src=\"https:\/\/i0.wp.com\/acero304.com\/eshop\/wp-content\/uploads\/2024\/09\/Imagen6.png?resize=142%2C191&#038;ssl=1\" alt=\"\" width=\"142\" height=\"191\" \/><\/a> <a href=\"https:\/\/i0.wp.com\/acero304.com\/eshop\/wp-content\/uploads\/2024\/09\/Imagen5.png?ssl=1\"><img data-recalc-dims=\"1\" loading=\"lazy\" decoding=\"async\" class=\"alignnone size-full wp-image-2889\" src=\"https:\/\/i0.wp.com\/acero304.com\/eshop\/wp-content\/uploads\/2024\/09\/Imagen5.png?resize=257%2C192&#038;ssl=1\" alt=\"\" width=\"257\" height=\"192\" \/><\/a><a href=\"https:\/\/i0.wp.com\/acero304.com\/eshop\/wp-content\/uploads\/2024\/09\/lata2.png?ssl=1\"><img data-recalc-dims=\"1\" loading=\"lazy\" decoding=\"async\" class=\"alignnone  wp-image-3244\" src=\"https:\/\/i0.wp.com\/acero304.com\/eshop\/wp-content\/uploads\/2024\/09\/lata2.png?resize=132%2C191&#038;ssl=1\" alt=\"\" width=\"132\" height=\"191\" srcset=\"https:\/\/i0.wp.com\/acero304.com\/eshop\/wp-content\/uploads\/2024\/09\/lata2.png?resize=207%2C300&amp;ssl=1 207w, https:\/\/i0.wp.com\/acero304.com\/eshop\/wp-content\/uploads\/2024\/09\/lata2.png?w=407&amp;ssl=1 407w\" sizes=\"auto, (max-width: 132px) 100vw, 132px\" \/><\/a><\/p>\n","protected":false},"excerpt":{"rendered":"<p>Consultar forma de pago.<\/p>\n<p>IVA Incluido.<\/p>\n<p>TIEMPO DE ENTREGA 120 DIAS APROXIMADOS.<\/p>\n","protected":false},"featured_media":3243,"comment_status":"open","ping_status":"closed","template":"","meta":{"site-sidebar-layout":"default","site-content-layout":"","ast-site-content-layout":"default","site-content-style":"default","site-sidebar-style":"default","ast-global-header-display":"","ast-banner-title-visibility":"","ast-main-header-display":"","ast-hfb-above-header-display":"","ast-hfb-below-header-display":"","ast-hfb-mobile-header-display":"","site-post-title":"","ast-breadcrumbs-content":"","ast-featured-img":"","footer-sml-layout":"","ast-disable-related-posts":"","theme-transparent-header-meta":"","adv-header-id-meta":"","stick-header-meta":"","header-above-stick-meta":"","header-main-stick-meta":"","header-below-stick-meta":"","astra-migrate-meta-layouts":"default","ast-page-background-enabled":"default","ast-page-background-meta":{"desktop":{"background-color":"","background-image":"","background-repeat":"repeat","background-position":"center center","background-size":"auto","background-attachment":"scroll","background-type":"","background-media":"","overlay-type":"","overlay-color":"","overlay-opacity":"","overlay-gradient":""},"tablet":{"background-color":"","background-image":"","background-repeat":"repeat","background-position":"center center","background-size":"auto","background-attachment":"scroll","background-type":"","background-media":"","overlay-type":"","overlay-color":"","overlay-opacity":"","overlay-gradient":""},"mobile":{"background-color":"","background-image":"","background-repeat":"repeat","background-position":"center center","background-size":"auto","background-attachment":"scroll","background-type":"","background-media":"","overlay-type":"","overlay-color":"","overlay-opacity":"","overlay-gradient":""}},"ast-content-background-meta":{"desktop":{"background-color":"var(--ast-global-color-5)","background-image":"","background-repeat":"repeat","background-position":"center center","background-size":"auto","background-attachment":"scroll","background-type":"","background-media":"","overlay-type":"","overlay-color":"","overlay-opacity":"","overlay-gradient":""},"tablet":{"background-color":"var(--ast-global-color-5)","background-image":"","background-repeat":"repeat","background-position":"center center","background-size":"auto","background-attachment":"scroll","background-type":"","background-media":"","overlay-type":"","overlay-color":"","overlay-opacity":"","overlay-gradient":""},"mobile":{"background-color":"var(--ast-global-color-5)","background-image":"","background-repeat":"repeat","background-position":"center center","background-size":"auto","background-attachment":"scroll","background-type":"","background-media":"","overlay-type":"","overlay-color":"","overlay-opacity":"","overlay-gradient":""}}},"product_brand":[],"product_cat":[110,42,111,112],"product_tag":[27,28,26,29,77,76,79,46,47,52,25,75,51,78],"class_list":{"0":"post-2885","1":"product","2":"type-product","3":"status-publish","4":"has-post-thumbnail","6":"product_cat-enlatadoras","7":"product_cat-industrial","8":"product_cat-llenadoras","9":"product_cat-tapadoras","10":"product_tag-acero-304","11":"product_tag-acero304","12":"product_tag-brewing","13":"product_tag-cerveza-artesanal","14":"product_tag-enlatado","15":"product_tag-enlatadora","16":"product_tag-envasadora","17":"product_tag-equipo-cervecero","18":"product_tag-fabrica-de-cerveza","19":"product_tag-fermentador","20":"product_tag-home-brewing","21":"product_tag-llenadora","22":"product_tag-nano-fermentador","23":"product_tag-sistema-de-enlatado","24":"desktop-align-center","25":"tablet-align-center","26":"mobile-align-center","28":"first","29":"onbackorder","30":"sale","31":"featured","32":"shipping-taxable","33":"product-type-simple"},"jetpack_sharing_enabled":true,"_links":{"self":[{"href":"https:\/\/acero304.com\/eshop\/wp-json\/wp\/v2\/product\/2885","targetHints":{"allow":["GET"]}}],"collection":[{"href":"https:\/\/acero304.com\/eshop\/wp-json\/wp\/v2\/product"}],"about":[{"href":"https:\/\/acero304.com\/eshop\/wp-json\/wp\/v2\/types\/product"}],"replies":[{"embeddable":true,"href":"https:\/\/acero304.com\/eshop\/wp-json\/wp\/v2\/comments?post=2885"}],"wp:featuredmedia":[{"embeddable":true,"href":"https:\/\/acero304.com\/eshop\/wp-json\/wp\/v2\/media\/3243"}],"wp:attachment":[{"href":"https:\/\/acero304.com\/eshop\/wp-json\/wp\/v2\/media?parent=2885"}],"wp:term":[{"taxonomy":"product_brand","embeddable":true,"href":"https:\/\/acero304.com\/eshop\/wp-json\/wp\/v2\/product_brand?post=2885"},{"taxonomy":"product_cat","embeddable":true,"href":"https:\/\/acero304.com\/eshop\/wp-json\/wp\/v2\/product_cat?post=2885"},{"taxonomy":"product_tag","embeddable":true,"href":"https:\/\/acero304.com\/eshop\/wp-json\/wp\/v2\/product_tag?post=2885"}],"curies":[{"name":"wp","href":"https:\/\/api.w.org\/{rel}","templated":true}]}}