{"id":3011,"date":"2025-04-09T18:37:16","date_gmt":"2025-04-09T18:37:16","guid":{"rendered":"https:\/\/acero304.com\/eshop\/?post_type=product&#038;p=3011"},"modified":"2025-04-09T19:42:33","modified_gmt":"2025-04-09T19:42:33","slug":"llenado-bag-in-box","status":"publish","type":"product","link":"https:\/\/acero304.com\/eshop\/producto\/llenado-bag-in-box\/","title":{"rendered":"Llenadora Bag in Box"},"content":{"rendered":"<div data-id=\"paragraph0\">\n<p><strong>DESCRIPCI\u00d3N:<\/strong><\/p>\n<p>Llenadora semiautom\u00e1tica de bolsas \/ caja<br \/>\n<strong>1 Introducci\u00f3n a la m\u00e1quina<\/strong><br \/>\nEl volumen de llenado se controla mediante un cilindro, con alta precisi\u00f3n, ajuste y configuraci\u00f3n intuitiva y c\u00f3moda,\u00a0 \u00a0 \u00a0 \u00a0 \u00a0 \u00a0 \u00a0 \u00a0 \u00a0 \u00a0 \u00a0 \u00a0 \u00a0 \u00a0 \u00a0 \u00a0 rendimiento estable, alta fiabilidad y durabilidad.\u00a0 <strong>Es ideal para llenar agua, crema, salsa, vino tinto, jugo y otros l\u00edquidos.<\/strong><br \/>\n<strong>2 Caracter\u00edsticas de rendimiento:<\/strong><br \/>\n1) La m\u00e1quina est\u00e1 fabricada principalmente en acero inoxidable.<br \/>\n2) Puede realizar m\u00faltiples procesos, como tapado, envasado al vac\u00edo, llenado cuantitativo y tapado en una sola estaci\u00f3n, y su operaci\u00f3n es sencilla.<br \/>\n3) El volumen de llenado se controla mediante un cilindro, con alta precisi\u00f3n, alta velocidad y f\u00e1cil ajuste.<\/p>\n<table style=\"height: 263px;\" border=\"1\" width=\"635\" cellspacing=\"1\" cellpadding=\"1\">\n<tbody>\n<tr>\n<td>Modelo<\/td>\n<td>BIBF-5000<\/td>\n<\/tr>\n<tr>\n<td>Velocidad<\/td>\n<td>5-6pcs\/min<\/td>\n<\/tr>\n<tr>\n<td>Rango de llenado<\/td>\n<td>500-5000ML<\/td>\n<\/tr>\n<tr>\n<td>Sistema<\/td>\n<td>Neumatico (incluido con compresor)<\/td>\n<\/tr>\n<tr>\n<td>Presion de Llenado<\/td>\n<td>\u00b11%<\/td>\n<\/tr>\n<tr>\n<td>Consumo de Aire<\/td>\n<td>0.4-0.6Mpa<\/td>\n<\/tr>\n<tr>\n<td>Material SUS304<\/td>\n<td>Touch part for filling material<\/td>\n<\/tr>\n<tr>\n<td><\/td>\n<td><\/td>\n<\/tr>\n<\/tbody>\n<\/table>\n<p><strong>COMPRESOR INCLUIDO<\/strong>:<\/p>\n<p><a href=\"https:\/\/i0.wp.com\/acero304.com\/eshop\/wp-content\/uploads\/2025\/04\/Imagen52.jpg?ssl=1\"><img data-recalc-dims=\"1\" loading=\"lazy\" decoding=\"async\" class=\"alignnone wp-image-3021\" src=\"https:\/\/i0.wp.com\/acero304.com\/eshop\/wp-content\/uploads\/2025\/04\/Imagen52.jpg?resize=290%2C318&#038;ssl=1\" alt=\"\" width=\"290\" height=\"318\" \/><\/a><\/p>\n<p>Compresor de aire<br \/>\nCapacidad: 8 L<br \/>\nMotor: Nivel 2<br \/>\nPotencia: 1100 W<br \/>\nPresi\u00f3n de aire: 0,4-0,8 MPa<br \/>\nPeso: 121,5 kg<br \/>\nDimensiones: 45 x 18 x 45 cm<\/p>\n<p><a href=\"https:\/\/www.instagram.com\/reel\/DIPNrKOyLCd\/?igsh=NjlmbHh5MTc2cjJo\">VER VIDEO DESCRIPTIVO:<\/a><\/p>\n<p><a href=\"https:\/\/i0.wp.com\/acero304.com\/eshop\/wp-content\/uploads\/2025\/04\/Imagen49.jpg?ssl=1\"><img data-recalc-dims=\"1\" loading=\"lazy\" decoding=\"async\" class=\"wp-image-3012 aligncenter\" src=\"https:\/\/i0.wp.com\/acero304.com\/eshop\/wp-content\/uploads\/2025\/04\/Imagen49.jpg?resize=564%2C171&#038;ssl=1\" alt=\"\" width=\"564\" height=\"171\" srcset=\"https:\/\/i0.wp.com\/acero304.com\/eshop\/wp-content\/uploads\/2025\/04\/Imagen49.jpg?resize=300%2C91&amp;ssl=1 300w, https:\/\/i0.wp.com\/acero304.com\/eshop\/wp-content\/uploads\/2025\/04\/Imagen49.jpg?resize=768%2C233&amp;ssl=1 768w, https:\/\/i0.wp.com\/acero304.com\/eshop\/wp-content\/uploads\/2025\/04\/Imagen49.jpg?resize=600%2C182&amp;ssl=1 600w, https:\/\/i0.wp.com\/acero304.com\/eshop\/wp-content\/uploads\/2025\/04\/Imagen49.jpg?w=812&amp;ssl=1 812w\" sizes=\"auto, (max-width: 564px) 100vw, 564px\" \/><\/a><\/p>\n<p><a href=\"https:\/\/i0.wp.com\/acero304.com\/eshop\/wp-content\/uploads\/2025\/04\/Imagen50.jpg?ssl=1\"><img data-recalc-dims=\"1\" loading=\"lazy\" decoding=\"async\" class=\" wp-image-3013 aligncenter\" src=\"https:\/\/i0.wp.com\/acero304.com\/eshop\/wp-content\/uploads\/2025\/04\/Imagen50.jpg?resize=511%2C319&#038;ssl=1\" alt=\"\" width=\"511\" height=\"319\" srcset=\"https:\/\/i0.wp.com\/acero304.com\/eshop\/wp-content\/uploads\/2025\/04\/Imagen50.jpg?resize=300%2C187&amp;ssl=1 300w, https:\/\/i0.wp.com\/acero304.com\/eshop\/wp-content\/uploads\/2025\/04\/Imagen50.jpg?resize=600%2C374&amp;ssl=1 600w, https:\/\/i0.wp.com\/acero304.com\/eshop\/wp-content\/uploads\/2025\/04\/Imagen50.jpg?w=742&amp;ssl=1 742w\" sizes=\"auto, (max-width: 511px) 100vw, 511px\" \/><\/a><a href=\"https:\/\/i0.wp.com\/acero304.com\/eshop\/wp-content\/uploads\/2025\/04\/Imagen51.jpg?ssl=1\"><img data-recalc-dims=\"1\" loading=\"lazy\" decoding=\"async\" class=\" wp-image-3014 aligncenter\" src=\"https:\/\/i0.wp.com\/acero304.com\/eshop\/wp-content\/uploads\/2025\/04\/Imagen51.jpg?resize=529%2C335&#038;ssl=1\" alt=\"\" width=\"529\" height=\"335\" srcset=\"https:\/\/i0.wp.com\/acero304.com\/eshop\/wp-content\/uploads\/2025\/04\/Imagen51.jpg?resize=300%2C190&amp;ssl=1 300w, https:\/\/i0.wp.com\/acero304.com\/eshop\/wp-content\/uploads\/2025\/04\/Imagen51.jpg?resize=600%2C380&amp;ssl=1 600w, https:\/\/i0.wp.com\/acero304.com\/eshop\/wp-content\/uploads\/2025\/04\/Imagen51.jpg?w=732&amp;ssl=1 732w\" sizes=\"auto, (max-width: 529px) 100vw, 529px\" \/><\/a><\/p>\n<\/div>\n","protected":false},"excerpt":{"rendered":"<p>Consultar forma de pago.<\/p>\n<p>IVA Incluido.<\/p>\n<p>TIEMPO DE ENTREGA 120 DIAS APROXIMADOS.<\/p>\n","protected":false},"featured_media":3015,"comment_status":"open","ping_status":"closed","template":"","meta":{"site-sidebar-layout":"default","site-content-layout":"","ast-site-content-layout":"default","site-content-style":"default","site-sidebar-style":"default","ast-global-header-display":"","ast-banner-title-visibility":"","ast-main-header-display":"","ast-hfb-above-header-display":"","ast-hfb-below-header-display":"","ast-hfb-mobile-header-display":"","site-post-title":"","ast-breadcrumbs-content":"","ast-featured-img":"","footer-sml-layout":"","ast-disable-related-posts":"","theme-transparent-header-meta":"","adv-header-id-meta":"","stick-header-meta":"","header-above-stick-meta":"","header-main-stick-meta":"","header-below-stick-meta":"","astra-migrate-meta-layouts":"default","ast-page-background-enabled":"default","ast-page-background-meta":{"desktop":{"background-color":"","background-image":"","background-repeat":"repeat","background-position":"center center","background-size":"auto","background-attachment":"scroll","background-type":"","background-media":"","overlay-type":"","overlay-color":"","overlay-opacity":"","overlay-gradient":""},"tablet":{"background-color":"","background-image":"","background-repeat":"repeat","background-position":"center center","background-size":"auto","background-attachment":"scroll","background-type":"","background-media":"","overlay-type":"","overlay-color":"","overlay-opacity":"","overlay-gradient":""},"mobile":{"background-color":"","background-image":"","background-repeat":"repeat","background-position":"center center","background-size":"auto","background-attachment":"scroll","background-type":"","background-media":"","overlay-type":"","overlay-color":"","overlay-opacity":"","overlay-gradient":""}},"ast-content-background-meta":{"desktop":{"background-color":"var(--ast-global-color-5)","background-image":"","background-repeat":"repeat","background-position":"center center","background-size":"auto","background-attachment":"scroll","background-type":"","background-media":"","overlay-type":"","overlay-color":"","overlay-opacity":"","overlay-gradient":""},"tablet":{"background-color":"var(--ast-global-color-5)","background-image":"","background-repeat":"repeat","background-position":"center center","background-size":"auto","background-attachment":"scroll","background-type":"","background-media":"","overlay-type":"","overlay-color":"","overlay-opacity":"","overlay-gradient":""},"mobile":{"background-color":"var(--ast-global-color-5)","background-image":"","background-repeat":"repeat","background-position":"center center","background-size":"auto","background-attachment":"scroll","background-type":"","background-media":"","overlay-type":"","overlay-color":"","overlay-opacity":"","overlay-gradient":""}}},"product_brand":[],"product_cat":[111],"product_tag":[27,28,26,29,77,76,79,46,47,52,25,75,51,78],"class_list":{"0":"post-3011","1":"product","2":"type-product","3":"status-publish","4":"has-post-thumbnail","6":"product_cat-llenadoras","7":"product_tag-acero-304","8":"product_tag-acero304","9":"product_tag-brewing","10":"product_tag-cerveza-artesanal","11":"product_tag-enlatado","12":"product_tag-enlatadora","13":"product_tag-envasadora","14":"product_tag-equipo-cervecero","15":"product_tag-fabrica-de-cerveza","16":"product_tag-fermentador","17":"product_tag-home-brewing","18":"product_tag-llenadora","19":"product_tag-nano-fermentador","20":"product_tag-sistema-de-enlatado","21":"desktop-align-center","22":"tablet-align-center","23":"mobile-align-center","25":"first","26":"onbackorder","27":"sale","28":"featured","29":"shipping-taxable","30":"product-type-simple"},"jetpack_sharing_enabled":true,"_links":{"self":[{"href":"https:\/\/acero304.com\/eshop\/wp-json\/wp\/v2\/product\/3011","targetHints":{"allow":["GET"]}}],"collection":[{"href":"https:\/\/acero304.com\/eshop\/wp-json\/wp\/v2\/product"}],"about":[{"href":"https:\/\/acero304.com\/eshop\/wp-json\/wp\/v2\/types\/product"}],"replies":[{"embeddable":true,"href":"https:\/\/acero304.com\/eshop\/wp-json\/wp\/v2\/comments?post=3011"}],"wp:featuredmedia":[{"embeddable":true,"href":"https:\/\/acero304.com\/eshop\/wp-json\/wp\/v2\/media\/3015"}],"wp:attachment":[{"href":"https:\/\/acero304.com\/eshop\/wp-json\/wp\/v2\/media?parent=3011"}],"wp:term":[{"taxonomy":"product_brand","embeddable":true,"href":"https:\/\/acero304.com\/eshop\/wp-json\/wp\/v2\/product_brand?post=3011"},{"taxonomy":"product_cat","embeddable":true,"href":"https:\/\/acero304.com\/eshop\/wp-json\/wp\/v2\/product_cat?post=3011"},{"taxonomy":"product_tag","embeddable":true,"href":"https:\/\/acero304.com\/eshop\/wp-json\/wp\/v2\/product_tag?post=3011"}],"curies":[{"name":"wp","href":"https:\/\/api.w.org\/{rel}","templated":true}]}}